s of 12092741?
131, 92311
What are the prime factors of 1085154?
2, 3, 7, 3691
List the prime factors of 548583.
3, 7, 151, 173
What are the prime factors of 4805468?
2, 47, 25561
List the prime factors of 27677488.
2, 1729843
What are the prime factors of 11258?
2, 13, 433
What are the prime factors of 2539377?
3, 163, 577
What are the prime factors of 3238827?
3, 1079609
What are the prime factors of 39099?
3, 13033
List the prime factors of 1600300.
2, 5, 13, 1231
List the prime factors of 16033878.
2, 3, 7, 53
List the prime factors of 339620.
2, 5, 16981
List the prime factors of 2658164.
2, 467, 1423
What are the prime factors of 11188064?
2, 211, 1657
What are the prime factors of 10001198?
2, 43, 116293
What are the prime factors of 812492?
2, 229, 887
What are the prime factors of 779410?
2, 5, 41, 1901
List the prime factors of 83280.
2, 3, 5, 347
List the prime factors of 1930961.
1930961
What are the prime factors of 252928?
2, 13, 19
What are the prime factors of 210343?
7, 151, 199
What are the prime factors of 415448?
2, 11, 4721
List the prime factors of 10622476.
2, 353, 7523
What are the prime factors of 93650?
2, 5, 1873
List the prime factors of 2458690.
2, 5, 13, 18913
List the prime factors of 401361.
3, 353, 379
What are the prime factors of 1260721?
7, 11, 2339
What are the prime factors of 6984654?
2, 3, 17, 68477
What are the prime factors of 52614?
2, 3, 37, 79
What are the prime factors of 164841?
3, 23, 2389
List the prime factors of 761731.
761731
What are the prime factors of 7120513?
1009, 7057
List the prime factors of 74356.
2, 29, 641
List the prime factors of 406790.
2, 5, 19, 2141
List the prime factors of 6923273.
7, 227, 4357
What are the prime factors of 819398?
2, 23, 47, 379
What are the prime factors of 3747?
3, 1249
List the prime factors of 1063712.
2, 13, 2557
What are the prime factors of 537092?
2, 19, 37, 191
What are the prime factors of 1745?
5, 349
What are the prime factors of 2684966?
2, 19, 70657
List the prime factors of 460865.
5, 92173
What are the prime factors of 28231931?
7, 13, 199, 1559
What are the prime factors of 7484097?
3, 17, 257, 571
List the prime factors of 216320.
2, 5, 13
List the prime factors of 225006.
2, 3, 37501
List the prime factors of 3653392.
2, 228337
What are the prime factors of 2785230?
2, 3, 5, 7, 4421
What are the prime factors of 2579473?
13, 23, 8627
List the prime factors of 4421335.
5, 884267
What are the prime factors of 187436?
2, 47, 997
List the prime factors of 127686.
2, 3, 13, 1637
List the prime factors of 12397193.
1069, 11597
List the prime factors of 1208682.
2, 3, 829
List the prime factors of 405290.
2, 5, 40529
What are the prime factors of 337805?
5, 13, 5197
What are the prime factors of 1497835?
5, 299567
List the prime factors of 10481875.
5, 31, 541
List the prime factors of 444213.
3, 7, 11, 641
What are the prime factors of 1265132?
2, 11, 28753
List the prime factors of 4404984.
2, 3, 29, 6329
What are the prime factors of 1360101?
3, 453367
List the prime factors of 721760.
2, 5, 13, 347
List the prime factors of 6362929.
19, 334891
List the prime factors of 1511815.
5, 211, 1433
What are the prime factors of 1150687?
1150687
What are the prime factors of 743361?
3, 149, 1663
List the prime factors of 39884.
2, 13, 59
What are the prime factors of 1736955?
3, 5, 11, 29
List the prime factors of 137980.
2, 5, 6899
What are the prime factors of 637505?
5, 11, 67, 173
List the prime factors of 2253364.
2, 73, 7717
List the prime factors of 657513.
3, 43, 1699
List the prime factors of 3861891.
3, 11, 13003
What are the prime factors of 998445?
3, 5, 7, 37, 257
List the prime factors of 1082149.
1082149
What are the prime factors of 752520?
2, 3, 5, 6271
What are the prime factors of 868109?
11, 78919
What are the prime factors of 220742?
2, 19, 37, 157
What are the prime factors of 137463?
3, 45821
What are the prime factors of 1518420?
2, 3, 5, 25307
What are the prime factors of 34001313?
3, 97, 331, 353
What are the prime factors of 320355?
3, 5, 7, 113
What are the prime factors of 241245?
3, 5, 1787
List the prime factors of 1598063.
23, 69481
What are the prime factors of 1486713?
3, 495571
What are the prime factors of 354390?
2, 3, 5, 11813
What are the prime factors of 267525?
3, 5, 29, 41
What are the prime factors of 319401?
3, 23, 1543
What are the prime factors of 2373838?
2, 263, 4513
What are the prime factors of 6063843?
3, 59, 34259
List the prime factors of 951726.
2, 3, 158621
What are the prime factors of 292899?
3, 89, 1097
List the prime factors of 6517126.
2, 7, 11, 101, 419
List the prime factors of 468018.
2, 3, 107
List the prime factors of 6111532.
2, 7, 167, 1307
List the prime factors of 215792.
2, 13487
What are the prime factors of 125849?
317, 397
List the prime factors of 94876.
2, 23719
What are the prime factors of 1098142?
2, 549071
What are the prime factors of 574673?
11, 89, 587
What are the prime factors of 7762011?
3, 2587337
List the prime factors of 250177.
101, 2477
List the prime factors of 110548.
2, 29, 953
What are the prime factors of 293121?
3, 32569
List the prime factors of 9768527.
19, 47, 10939
What are the prime factors of 809133?
3, 13, 20747
What are the prime factors of 7426458?
2, 3, 13, 71, 149
List the prime factors of 408097.
67, 6091
List the prime factors of 3789165.
3, 5, 252611
List the prime factors of 8403100.
2, 5, 17, 4943
List the prime factors of 19892852.
2, 7, 710459
What are the prime factors of 799064?
2, 7, 19, 751
What are the prime factors of 602366?
2, 301183
List the prime factors of 12710833.
73, 174121
What are the prime factors of 1240420?
2, 5, 109, 569
What are the prime factors of 8091057?
3, 13, 207463
List the prime factors of 274747.
11, 24977
What are the prime factors of 930049?
139, 6691
What are the prime factors of 790893?
3, 87877
What are the prime factors of 466244?
2, 229, 509
What are the prime factors of 198639?
3, 7, 1051
List the prime factors of 4307723.
7, 615389
List the prime factors of 54782.
2, 7, 13, 43
What are the prime factors of 678163?
47, 307
List the prime factors of 120536.
2, 13, 19, 61
What are the prime factors of 6687437?
6687437
What are the prime factors of 1617026?
2, 383, 2111
List the prime factors of 1235214.
2, 3, 163, 421
What are the prime factors of 943535?
5, 188707
What are the prime factors of 28344586?
2, 73, 194141
List the prime factors of 2145110.
2, 5, 11, 19501
What are the prime factors of 2758760?
2, 5, 17, 4057
What are the prime factors of 392348?
2, 11, 37, 241
List the prime factors of 2255230.
2, 5, 225523
What are the prime factors of 62846?
2, 7, 67
What are the prime factors of 13463100?
2, 3, 5, 7, 2137
List the prime factors of 2787054.
2, 3, 223, 2083
What are the prime factors of 5469321?
3, 11, 13, 19, 61
What are the prime factors of 22198025?
5, 887921
List the prime factors of 1143082.
2, 571541
What are the prime factors of 290681?
19, 15299
What are the prime factors of 274970?
2, 5, 31, 887
What are the prime factors of 4260371?
4260371
What are the prime factors of 191160?
2, 3, 5, 59
List the prime factors of 446514.
2, 3, 74419
List the prime factors of 221605.
5, 23, 41, 47
What are the prime factors of 32487441?
3, 7, 61, 3623
What are the prime factors of 7714042?
2, 7, 551003
What are the prime factors of 304826?
2, 173, 881
List the prime factors of 452786.
2, 31, 67, 109
List the prime factors of 1488174.
2, 3, 97, 2557
List the prime factors of 4652932.
2, 1163233
What are the prime factors of 412130?
2, 5, 41213
What are the prime factors of 2382461?
2382461
What are the prime factors of 2486879?
17, 241, 607
List the prime factors of 2697173.
2697173
List the prime factors of 292937.
457, 641
What are the prime factors of 3809643?
3, 29, 43789
What are the prime factors of 304002?
2, 3, 16889
What are the prime factors of 7354072?
2, 11, 193, 433
What are the prime factors of 156881?
59, 2659
List the prime factors of 666658.
2, 257, 1297
List the prime factors of 332734.
2, 43, 53, 73
List the prime factors of 81784.
2, 10223
What are the prime factors of 6763752?
2, 3, 93941
What are the prime factors of 534700?
2, 5, 5347
What are the prime factors of 12